f k?
6
Let f = 4 - 2. Let y(o) = 55*o + 6. What is the units digit of y(f)?
6
What is the tens digit of (-36)/(-6) + -5 - -447?
4
Let i be (-64)/(-6)*(-270)/(-4). Suppose -6*k + i - 138 = 0. What is the tens digit of k?
9
Let g be (-20)/8 + 2/(-4). Let z be g/(1*(-4)/108). Suppose 11 - z = -5*f. What is the tens digit of f?
1
Suppose 109 = 5*v - 26. Let l = -12 + v. What is the units digit of (-20)/l*3/(-2)?
2
Suppose 0 = -6*g + 1347 + 2361. Suppose -2*x + d = 3*x - g, 2*x + 5*d = 231. What is the hundreds digit of x?
1
Suppose 16 = 4*s + 5*a, 16 = -4*a - 0. Let c(b) = -5*b + 5. Let n(l) = -19*l + 21. Let y(w) = s*c(w) - 2*n(w). What is the tens digit of y(-4)?
3
Let x(g) = 86*g**2 + 12*g - 2. Let i be x(-2). Let h = i + -176. What is the hundreds digit of h?
1
Suppose 12 = 5*y - 6*y - 4*c, -3*y = 4*c - 4. Let n(h) = 5*h - 6. What is the units digit of n(y)?
4
Suppose -10*b + 8006 = -15154. What is the tens digit of b?
1
Suppose -5*p - 12 = 13. What is the tens digit of p*2*-1*(-65)/(-10)?
6
Suppose n = -5*t + 31 + 3, n - 22 = -3*t. What is the units digit of t/(-32)*-4*32?
4
Let s = 16 + -28. Let u be 1/((-26)/s - 2). Suppose 0 = -11*t + u*t + 160. What is the tens digit of t?
3
Let x(l) = -13*l**2 + 12*l**2 - 4*l - 3*l**3 + 3*l**3 + l**3. Let y be x(3). What is the tens digit of y/(-4)*208/(-24)?
1
Let u = -19 - -25. Suppose 0 = -l + 16 - u. Let x(q) = q**2 - 10*q + 2. What is the units digit of x(l)?
2
Suppose 4*f = 2*f - 2*b - 542, -4*f + 3*b = 1091. What is the units digit of (f/5 + 4/10)/(-2)?
7
Suppose -p - l = -791, 0*l = -5*p - 3*l + 3963. Suppose 0 = -5*h + 315 + p. What is the units digit of h?
2
Let x(w) = -2*w - 13. Let t be x(-8). Suppose -t*g - 665 = -8*g. What is the hundreds digit of g?
1
Let a(n) = -n**2 - 8*n. Let c be a(-5). What is the units digit of 1/(1 + 2) + 475/c?
2
Suppose 0 = 4*j + 5*d - 6, 0*j + d = -4*j + 14. Suppose 6*m = 5*b + 4*m - 29, j*m = 5*b - 23. What is the units digit of b?
7
Let h be 1*5/((-5)/38). Let t = 24 + h. Let f = t + 23. What is the units digit of f?
9
Let u be ((-6)/15 - 52/20)*-39. Let b = 197 - u. What is the units digit of b?
0
Suppose -48 = 3*d - 4*f, 2*f = -d - 0*f - 26. Let q = d + 24. What is the units digit of q/(-18) + 3040/72?
2
Suppose -14*o + 18*o = 5892. What is the hundreds digit of o?
4
Suppose 0 = -4*b - 5*k + 3631, -k - 5 = -4. What is the tens digit of b?
0
Let q(x) = -6*x**3 - 4*x**2 - 10*x + 24. What is the tens digit of q(-7)?
5
Let y(n) = 85*n**2 + n + 7. What is the thousands digit of y(5)?
2
Let b = 12 + -7. Suppose 0 = 5*y - 5*n - 130, 0*n = b*y + 2*n - 158. What is the units digit of y?
0
Let z(d) = -d**3 + 7*d**2 - 3*d - 8. Let t = -7 - -9. Suppose -t*m - 1 = g - 15, -2*m + 8 = 0. What is the units digit of z(g)?
0
Let o(n) = 5*n - n - 3*n + n**3 - 2*n**3 - 3*n**2. Let b be o(-3). What is the units digit of (-5 - b) + 1*21?
9
Let z be (4 + 0/(-2))*(-1 - 0). What is the units digit of 207 - (z/6)/((-32)/48)?
6
Suppose 12 = -5*s - 4*t - 61, 5 = -s - 4*t. What is the units digit of -13 - s - (-44 - 2)?
0
Let t = -26 - -30. Suppose 2*z + 20 = -t*u + 130, 0 = -u - 4. What is the tens digit of z?
6
Let u be (-1 + -1)/((-9)/(-36)). Let m be 4/u*-30 + 1. What is the units digit of 1*10*72/m?
5
Let t = -2925 + 5264. What is the hundreds digit of t?
3
Suppose -t = -5*p + 10, 0 = t + 2*p - 0 - 4. Suppose t = 2*g - 5*d - 70, -3*g + 2*d = -2*g - 35. What is the tens digit of g?
3
Let x = 3 + -1. Suppose x*g = -0*g + 116. What is the tens digit of g?
5
Let r be (-3 - 0)*(-1)/1. Suppose 3*k = -r*s - 6, 0 = -3*s + 7*s - 4. What is the tens digit of 11 + 4 + k + 2?
1
What is the tens digit of (-3 + -133)*(-407)/22?
1
Suppose 4*k = 22 + 22. Let h(f) = 6*f - 12. What is the units digit of h(k)?
4
What is the units digit of 6/(-16) + (-30)/(-160)*1762?
0
Let y(p) = -2*p**3 - 5*p**2 - p + 3. Let t be y(-4). What is the tens digit of (t/(-2))/(3/(-6))?
5
Let m(i) = i**3 + 4*i**2 + 6*i + 5. Let w be m(-3). Let j(u) be the first derivative of -u**4/4 - 2*u**3/3 + 7*u**2/2 + 6*u + 1. What is the tens digit of j(w)?
1
Let r be (-2457)/(-18)*4/2. Let j = r + -192. What is the units digit of j?
1
Suppose 857 = 5*s + 42. Suppose -4*i + 627 = s. What is the hundreds digit of i?
1
What is the hundreds digit of 4*37*(-39)/(-13)?
4
Let s(d) = -d**3 - 11*d - 36. What is the units digit of s(-7)?
4
Suppose 1265 = 12*l - 7*l. What is the hundreds digit of l?
2
Let p(c) = -c**2 + 19*c - 18. Let a be p(6). Suppose 3*w - 3*d = 297, 3*w - a = d + 241. What is the units digit of w?
1
Suppose 19 - 61 = -6*x. Suppose -m = -2*q + x*q - 124, -4*m + 4*q = -448. What is the units digit of m?
4
Let x = 103 + -40. Suppose -l + 0*l + x = 0. What is the units digit of l?
3
Let o be (-2)/7 + 30/105. Let n be (1 + o)/((-2)/26). Let d(w) = w**3 + 13*w**2 - 2*w + 15. What is the units digit of d(n)?
1
Suppose 13*q + 8*q = 2961. What is the hundreds digit of q?
1
Suppose -9 = -s + 169. What is the units digit of s?
8
Let t(m) = 2*m + 19. Let s be t(-8). Suppose 3*r = r - 5*g, -21 = -s*r + 3*g. What is the units digit of 3/r - (-207)/5?
2
Let n = 1852 + -868. What is the units digit of n?
4
Suppose -2*p - 2*v = -10980, -11*p + 9*p + 10974 = 5*v. What is the units digit of p?
2
Suppose 3*i - 166 = -28. Suppose -h + 59 - 15 = 4*p, 4*h - i = -3*p. Suppose 0 = 4*u - 3*u - p. What is the units digit of u?
0
Suppose 9*b - 681 = 6*b. What is the tens digit of (2 + 2)*1 + b + 4?
3
Suppose -h = -20 + 18. Suppose h*z + 6 = -2. What is the tens digit of z + (2 - 1) + 26?
2
Suppose 0 = 3*t - z - 15 + 1, -4*t - z = -14. Suppose 0*k - t*k = -24. Let d = k - 3. What is the units digit of d?
3
Suppose 5*q + 4*d + 6 = 2*q, -q - 4 = 2*d. Let z(v) = 24*v**2 + 3*v + 4. What is the hundreds digit of z(q)?
1
Suppose -64 = -q - 5*a, 0 = -2*q - 4*a + 33 + 71. Suppose -2*i = 2*m - 22, 2*i - 6 = 3*m - q. Let r(o) = 4*o - 17. What is the units digit of r(m)?
1
Let v(o) be the first derivative of o**5/20 - o**4/4 - o**3/2 + o**2 - o + 9. Let h(w) be the first derivative of v(w). What is the units digit of h(5)?
7
Let q be (4/4)/((-3)/18). Let a(x) = x**2 + 3*x - 8. Let b be a(q). Suppose 0 = 2*r - 4*v - b, -55 = -4*r + r - 2*v. What is the tens digit of r?
1
Let g(w) be the second derivative of -w**2 - 2*w + w - 2*w - w**3 + 2*w. What is the units digit of g(-5)?
8
Suppose 0 = -0*m - 3*m + 2*t + 265, -m - 3*t + 70 = 0. Suppose 2*o = o - 5*k + 43, 0 = 3*o + 4*k - m. What is the units digit of o?
3
Let k(c) = 4*c**3 + 35*c**2 + 3*c + 5. What is the tens digit of k(5)?
9
Suppose -o - 747 = 4*g - 4127, 845 = g + 5*o. What is the units digit of g?
5
Let x(o) = -o**2 + 6*o - 2. Let w be x(6). Let j be (-7)/14 + (-129)/w. Let k = -44 + j. What is the units digit of k?
0
Let c(l) = 8*l + 19. Let p(h) = -6*h - 19. Let m(y) = -2*c(y) - 3*p(y). What is the units digit of m(5)?
9
Suppose -a - 3*i = -42, 0*a - 2*a - 3*i + 75 = 0. Suppose 74*q - 61*q = 0. Suppose 3*w - 5*t = -2*t + a, 4*w + 5*t - 26 = q. What is the units digit of w?
9
Let s(k) = -8*k + 9. Let i be (4/(-6)*1)/(1/9). What is the tens digit of s(i)?
5
Suppose n + 11340 = 22*n. What is the units digit of n?
0
Let s = 12800 + -7318. What is the hundreds digit of s?
4
What is the hundreds digit of (-3)/(-18)*38*(-2838)/(-22)?
8
Suppose -5*i + 1450 = -0*i. Suppose -3*l - i = 2*l. Let x = -34 - l. What is the units digit of x?
4
Suppose -50303 = -12*y - 20027. What is the tens digit of y?
2
Let t(r) = -r**2 + 24*r - 17. Let d be t(12). Let z = d - 84. What is the units digit of z?
3
Suppose -3*c = -12*c + 4095. What is the tens digit of c?
5
Let t(w) = -5*w + 631. What is the hundreds digit of t(0)?
6
Suppose 34*v - 19189 = 8861. What is the units digit of v?
5
Suppose 0 = -2*a - 5*a + 1204. What is the tens digit of a/3*(-33)/(-22)?
8
Suppose 6*p = -0*p. Suppose -5*i + p*i = -440. What is the tens digit of i?
8
Suppose 2*v - l - 24 = -2*v, 2*l = -5*v + 30. Let g be (v/15)/(6/30). Suppose g*w + 7*t - 66 = 2*t, 66 = 2*w + t. What is the tens digit of w?
3
Suppose -678 = 2*s - 4*s + 4*p, 5*p = 5*s - 1710. What is the units digit of s?
5
Suppose -2 = 2*l, 4*m - l + 4197 = 5*m. What is the thousands digit of m?
4
Suppose 3*p + 5*d - 1774 = 0, 3*p = d - 2*d + 1790. What is the hundreds digit of p?
5
Supp